
Is 224 a multiple of 8?
True
Does 31 divide 6498?
False
Is 72 a factor of 8640?
True
Is 7 a factor of 7644?
True
Is 13 a factor of 13403?
True
Is 29 a factor of 406?
True
Does 7 divide 12?
False
Is 2872 a multiple of 72?
False
Does 9 divide 271?
False
Is 15293 a multiple of 28?
False
Is 54 a factor of 594?
True
Is 51109 a multiple of 245?
False
Is 660 a multiple of 30?
True
Does 8 divide 2099?
False
Is 112304 a multiple of 37?
False
Does 6 divide 6?
True
Is 16 a factor of 1081?
False
Does 146 divide 8176?
True
Does 405 divide 129290?
False
Is 43 a factor of 2709?
True
Does 22 divide 1045?
False
Is 12 a factor of 4764?
True
Is 24 a factor of 528?
True
Does 17 divide 7929?
False
Is 259 a factor of 32375?
True
Is 28274 a multiple of 54?
False
Does 20 divide 10880?
True
Is 3993 a multiple of 2?
False
Does 12 divide 3681?
False
Is 877 a multiple of 2?
False
Does 7 divide 2731?
False
Is 27898 a multiple of 74?
True
Is 11 a factor of 3358?
False
Is 6955 a multiple of 18?
False
Does 2 divide 2501?
False
Is 380 a multiple of 7?
False
Does 23 divide 17989?
False
Does 29 divide 32567?
True
Is 702 a multiple of 106?
False
Is 52 a factor of 20540?
True
Does 10 divide 130?
True
Is 16 a factor of 544?
True
Is 34 a factor of 2890?
True
Is 1042 a multiple of 16?
False
Does 11 divide 29161?
True
Is 8880 a multiple of 15?
True
Does 73 divide 73?
True
Is 8 a factor of 8008?
True
Is 20 a multiple of 3?
False
Is 35 a factor of 11305?
True
Is 11 a factor of 7404?
False
Is 27 a factor of 60426?
True
Does 89 divide 712?
True
Is 6 a factor of 311?
False
Does 179 divide 21659?
True
Is 1280 a multiple of 160?
True
Does 26 divide 9037?
False
Is 167 a multiple of 8?
False
Does 11 divide 14294?
False
Does 15 divide 105?
True
Is 122 a multiple of 61?
True
Is 6302 a multiple of 41?
False
Is 1598 a multiple of 53?
False
Does 15 divide 42?
False
Is 5667 a multiple of 17?
False
Is 82 a factor of 16072?
True
Is 3 a factor of 61?
False
Is 737 a multiple of 11?
True
Does 114 divide 19637?
False
Does 8 divide 2408?
True
Is 1671 a multiple of 12?
False
Does 25 divide 13416?
False
Does 41 divide 10988?
True
Is 17 a factor of 13458?
False
Is 1061 a multiple of 14?
False
Is 3848 a multiple of 74?
True
Does 102 divide 76296?
True
Does 22 divide 1074?
False
Is 1793 a multiple of 118?
False
Does 23 divide 200?
False
Does 17 divide 3180?
False
Is 36328 a multiple of 310?
False
Is 462 a multiple of 7?
True
Is 760 a multiple of 20?
True
Does 66 divide 858?
True
Does 49 divide 4165?
True
Does 30 divide 4560?
True
Is 931 a multiple of 42?
False
Is 15 a factor of 21547?
False
Is 918 a multiple of 17?
True
Is 9 a factor of 370?
False
Does 26 divide 278?
False
Does 12 divide 728?
False
Is 3 a factor of 2010?
True
Is 2 a factor of 18?
True
Does 126 divide 20412?
True
Is 9 a factor of 8030?
False
Is 44596 a multiple of 48?
False
Does 64 divide 1088?
True
Is 8 a factor of 9451?
False
Is 7 a factor of 2359?
True
Is 50 a factor of 2772?
False
Is 49 a factor of 157?
False
Is 1206 a multiple of 41?
False
Is 842 a multiple of 37?
False
Is 7396 a multiple of 23?
False
Does 15 divide 1470?
True
Does 18 divide 20666?
False
Is 126350 a multiple of 38?
True
Does 95 divide 1235?
True
Does 16 divide 9084?
False
Is 5416 a multiple of 135?
False
Is 12 even?
True
Does 273 divide 14742?
True
Is 9 a factor of 2915?
False
Does 8 divide 2595?
False
Is 10 a factor of 80?
True
Does 16 divide 752?
True
Does 15 divide 19065?
True
Does 27 divide 12042?
True
Is 2077 a multiple of 17?
False
Is 6657 a multiple of 80?
False
Does 12 divide 4968?
True
Is 8 a factor of 859?
False
Is 34 a factor of 2577?
False
Is 1543 a multiple of 74?
False
Is 26 a factor of 73?
False
Is 1470 a multiple of 6?
True
Is 2 a factor of 189?
False
Does 12 divide 2787?
False
Does 25 divide 498?
False
Is 29 a factor of 1682?
True
Is 9699 a multiple of 61?
True
Is 874 a multiple of 23?
True
Is 1635 a multiple of 2?
False
Does 53 divide 599?
False
Does 208 divide 18096?
True
Is 10 a factor of 217?
False
Is 2 a factor of 79?
False
Does 20 divide 986?
False
Is 75 a factor of 13212?
False
Is 10 a factor of 1100?
True
Is 15 a factor of 4335?
True
Does 16 divide 1616?
True
Is 462 a multiple of 54?
False
Does 9 divide 2277?
True
Does 54 divide 6318?
True
Does 19 divide 16306?
False
Does 19 divide 1273?
True
Does 53 divide 69377?
True
Is 4 a factor of 8063?
False
Is 26 a factor of 5200?
True
Is 11 a factor of 869?
True
Is 1104 a multiple of 48?
True
Is 32 a factor of 520?
False
Does 25 divide 1050?
True
Is 229 a factor of 5267?
True
Does 18 divide 38016?
True
Is 20 a factor of 1220?
True
Does 14 divide 4244?
False
Is 63 a factor of 378?
True
Is 180 a factor of 26820?
True
Does 21 divide 13923?
True
Does 100 divide 15695?
False
Is 29 a factor of 4139?
False
Does 72 divide 4171?
False
Is 68310 a multiple of 135?
True
Is 26 a factor of 3139?
False
Does 88 divide 10560?
True
Is 94 a factor of 5452?
True
Is 2 a factor of 3?
False
Does 12 divide 8100?
True
Does 57 divide 28726?
False
Is 12180 a multiple of 42?
True
Does 301 divide 104146?
True
Does 177 divide 6888?
False
Is 43 a factor of 1637?
False
Is 16 a factor of 1472?
True
Does 30 divide 7920?
True
Is 5712 a multiple of 8?
True
Does 13 divide 16861?
True
Is 62 a factor of 1548?
False
Is 2416 a multiple of 35?
False
Is 6 a factor of 917?
False
Is 8 a factor of 4696?
True
Is 796 a multiple of 2?
True
Is 413 a multiple of 7?
True
Is 44 a multiple of 22?
True
Is 14 a factor of 5114?
False
Is 113900 a multiple of 85?
True
Is 53 a factor of 5249?
False
Does 19 divide 452?
False
Does 17 divide 636?
False
Is 4245 a multiple of 10?
False
Is 5726 even?
True
Is 13 a factor of 182?
True
Does 8 divide 3473?
False
Is 56 a factor of 15736?
True
Does 101 divide 18281?
True
Is 19544 a multiple of 349?
True
Is 53559 a multiple of 11?
True
Is 4750 a multiple of 25?
True
Is 16 a factor of 22053?
False
Is 39 a factor of 2028?
True
Is 4 a factor of 19505?
False
Does 96 divide 6862?
False
Is 105 a multiple of 4?
False
Is 67589 a multiple of 76?
False
Does 5 divide 111?
False
Does 12 divide 12774?
False
Is 223 a factor of 66900?
True
Does 17 divide 1008?
False
Is 32 a multiple of 8?
True
Is 23 a factor of 749?
False
Is 2 a factor of 166?
True
Does 54 divide 2235?
False
Is 1914 a multiple of 66?
True
Does 132 divide 272?
False
Is 31 a factor of 5055?
False
Does 105 divide 1365?
True
Is 40 a factor of 110324?
False
Is 14 a factor of 743?
False
Is 465 a multiple of 15?
True
Is 459 a multiple of 33?
False
Does 4 divide 223?
False
Is 752 a multiple of 96?
False
Does 19 divide 1387?
True
Does 11 divide 649?
True
Is 27 a factor of 214?
False
Is 10 a factor of 962?
False
Does 4 divide 71?
False
Does 111 divide 9879?
True
Is 44460 a multiple of 5?
True
Is 5017 a multiple of 15?
False
Is 25130 a multiple of 14?
True
Is 7425 a multiple of 75?
True
Is 128 a factor of 5055?
False
Is 42 a factor of 385?
False
Is 25 a factor of 39420?
False
Is 594 a multiple of 27?
True
Is 1406 a multiple of 74?
True
Is 5245 a multiple of 54?
False
Is 2542 a multiple of 91?
False
Does 19 divide 740?
False
Is 3193 a multiple of 25?
False
Is 42 a factor of 810?
False
Is 54387 a multiple of 11?
False
Does 253 divide 23736?
False
Does 3 divide 56?
False
Is 848 a multiple of 53?
True
Is 516 a multiple of 6?
True
Is 6 a factor of 808?
False
Is 32560 a multiple of 31?
False
Is 20 a factor of 15786?
False
Does 50 divide 14050?
True
Is 4940 a multiple of 130?
True
Does 41 divide 12357?
False
Is 40 a factor of 1083?
False
Is 301 a multiple of 8?
False
Is 4 a factor of 212?
True
Is 143 a multiple of 16?
False
Does 2 divide 130?
True
Does 9 divide 22244?
False
Does 133 divide 665?
True
Is 20 a factor of 4293?
False
Is 1428 a multiple of 14?
True
Is 22 a factor of 308?
True
Is 206 a factor of 39829?
False
Is 12 a factor of 1692?
True
Is 5828 a multiple of 47?
True
Is 35 a factor of 1005?
False
Is 399 a multiple of 57?
True
Does 6 divide 3016?
False
Is 48 a factor of 1570?
False
Is 2268 a multiple of 42?
True
Is 4514 a multiple of 17?
False
Does 60 divide 56216?
False
Is 46162 a multiple of 16?
False
Is 39198 a multiple of 48?
False
Does 43 divide 213?
False
Is 938 a multiple of 47?
False
Is 3 a factor of 21005?
False
Is 1840 a multiple of 23?
True
Does 19 divide 884?
False
Do